{"id":25,"date":"2019-12-18T18:14:40","date_gmt":"2019-12-18T17:14:40","guid":{"rendered":"http:\/\/fobyde.schroeders.webseiten.cc\/wordpress\/?page_id=25"},"modified":"2025-07-18T10:39:15","modified_gmt":"2025-07-18T08:39:15","slug":"datenschutz","status":"publish","type":"page","link":"https:\/\/dur-schroeder.de\/fobyde\/wordpress\/home\/datenschutz\/","title":{"rendered":"Datenschutz"},"content":{"rendered":"\n<h4 class=\"wp-block-heading\">Datenschutzerkl\u00e4rung<\/h4>\n\n\n\n<h4 class=\"wp-block-heading\">Verantwortlich im Sinne der Datenschutzgesetzes:<\/h4>\n\n\n\n<p>Tastenschule <br> Detlef Schr\u00f6der <br> Ruselerweg 5 <br> 27753 Delmenhorst <br> <a href=\"https:\/\/dur-schroeder.de\">https:\/\/dur-schroeder.de<\/a><\/p>\n\n\n\n<h4 class=\"wp-block-heading\">Datenschutz<\/h4>\n\n\n\n<p>\nAls Webseitenbetreiber nehmen wir den Schutz aller pers\u00f6nlichen Daten \nsehr ernst. Alle personenbezogenen Informationen werden vertraulich und \ngem\u00e4\u00df\nden gesetzlichen Vorschriften behandelt, wie in dieser \nDatenschutzerkl\u00e4rung erl\u00e4utert.\nUnserer Webseite kann selbstverst\u00e4ndlich genutzt werden, ohne dass Sie \npers\u00f6nliche Daten angeben. Wenn jedoch zu irgendeinem Zeitpunkt \npers\u00f6nliche Daten\nwie z.B. Name, Adresse oder E-Mail abgefragt werden, wird dies auf \nfreiwilliger Basis geschehen. Niemals werden von uns erhobene Daten ohne\n Ihre spezielle\nGenehmigung an Dritte weitergegeben. <br>\nDaten\u00fcbertragung im Internet, wie zum Beispiel \u00fcber E-Mail, kann immer \nSicherheitsl\u00fccken aufweisen. Der komplette Schutz der Daten ist im \nInternet nicht m\u00f6glich.  <br><\/p>\n\n\n\n<h4 class=\"wp-block-heading\">Auskunft, L\u00f6schung, Sperrung<\/h4>\n\n\n\n<p>\nZu jedem Zeitpunkt k\u00f6nnen Sie sich \u00fcber die personenbezogenen Daten, \nderen Herkunft und Empf\u00e4nger und den Nutzen der Datenverarbeitung \ninformieren und\nunentgeltlich eine Korrektur, Sperrung oder L\u00f6schung dieser Daten \nverlangen. Bitte nutzen Sie daf\u00fcr die im Impressum angegebenen \nKontaktwege.<br>\nF\u00fcr weitere Fragen zum Thema stehen wir Ihnen ebenfalls jederzeit zur Verf\u00fcgung. <br><\/p>\n\n\n\n<h4 class=\"wp-block-heading\">Server-Log-Files<\/h4>\n\n\n\n<p>\nDer Seiten-Provider erhebt und speichert automatisch Daten in Server-Log\n Files, die von Ihrem Browser an uns \u00fcbermittelt werden. Diese Daten \nenthalten:  <br>\n&#8211; Browsertyp\/ Browserversion         <br>\n&#8211; Betriebssystem des Rechners            <br>\n&#8211; Referrer URL                               <br>\n&#8211; Hostname des zugreifenden Rechners             <br>\n&#8211; Uhrzeit der Serveranfrage                          <br>\nDiese Daten sind nicht personenbezogen. Es erfolgt keine Zusammenf\u00fchrung\n dieser Daten mit anderen Datenquellen.\nWenn uns konkrete Anhaltspunkte f\u00fcr eine rechtswidrige Nutzung bekannt \nwerden behalten wir uns das Recht vor, diese Daten nachtr\u00e4glich zu \n\u00fcberpr\u00fcfen. <br><\/p>\n\n\n\n<h4 class=\"wp-block-heading\">Cookies<\/h4>\n\n\n\n<p>\nViele Internetseiten verwenden Cookies. Cookies sind unsch\u00e4dlich f\u00fcr \nIhren Rechner und virenfrei. Sie dienen dazu, Internet-Angebote f\u00fcr die \nBesucher\neiner Webseite freundlicher, effektiver und sicherer zu machen. Cookies \nsind kleine Textdateien, die auf Ihrem Computer abgelegt werden und die \nIhr Browser verwendet.\nWir verwenden in der Regel so genannte &#8222;Session-Cookies&#8220;. Diese werden \nnach Verlassen unserer Seite automatisch gel\u00f6scht. Andere Cookies \nbleiben auf Ihrem\nComputer gespeichert, bis Sie diese l\u00f6schen. Diese Cookies helfen dabei,\n Ihren Rechner beim n\u00e4chsten Besuch wiederzuerkennen.<br>\n\u00dcber die Browsereinstellungen k\u00f6nnen sie festlegen, dass Sie \u00fcber neue \nCookies informiert werden und Cookies jeweils annehmen m\u00fcssen.\nEbenso k\u00f6nnen Sie die Annahme von Cookies f\u00fcr bestimmte F\u00e4lle oder \ngenerell ausschlie\u00dfen oder das automatische L\u00f6schen der Cookies\nbeim Schlie\u00dfen des Browser aktivieren. Werden Cookies desaktiviert, kann\n die Funktionalit\u00e4t unserer Website eingeschr\u00e4nkt sein. <br><\/p>\n\n\n\n<h4 class=\"wp-block-heading\">\u00c4nderung der Datenschutzbestimmungen<\/h4>\n\n\n\n<p>\nUnsere Datenschutzerkl\u00e4rung k\u00f6nnen in unregelm\u00e4\u00dfigen Abst\u00e4nden angepasst\n werden, damit sie den aktuellen rechtlichen Anforderungen entsprechen\noder um \u00c4nderungen unserer Dienstleistungen umzusetzen, z. B. bei der \nEinf\u00fcgung neuer Angebote. F\u00fcr Ihren n\u00e4chsten Besuch gilt dann \nautomatisch\ndie neue Datenschutzerkl\u00e4rung.<br><\/p>\n\n\n\n<h4 class=\"wp-block-heading\">Kontakt zum Datenschutzmitarbeiter<\/h4>\n\n\n\n<p>\nF\u00fcr Fragen zum Datenschutz schicken Sie uns bitte eine Nachricht an dur.schroeder@t-online.de mit dem Betreff &#8222;Datenschutz&#8220;.\n\n<\/p>\n","protected":false},"excerpt":{"rendered":"<p>Datenschutzerkl\u00e4rung Verantwortlich im Sinne der Datenschutzgesetzes: Tastenschule Detlef Schr\u00f6der Ruselerweg 5 27753 Delmenhorst https:\/\/dur-schroeder.de Datenschutz Als Webseitenbetreiber nehmen wir den Schutz aller pers\u00f6nlichen Daten sehr ernst. Alle personenbezogenen Informationen werden vertraulich und gem\u00e4\u00df den gesetzlichen Vorschriften behandelt, wie in dieser Datenschutzerkl\u00e4rung erl\u00e4utert. Unserer Webseite kann &hellip; <a href=\"https:\/\/dur-schroeder.de\/fobyde\/wordpress\/home\/datenschutz\/\" class=\"more-link\"><span>Continue reading<span class=\"screen-reader-text\">Datenschutz<\/span><\/span><\/a><\/p>\n","protected":false},"author":1,"featured_media":0,"parent":21,"menu_order":0,"comment_status":"closed","ping_status":"closed","template":"","meta":{"footnotes":""},"class_list":["post-25","page","type-page","status-publish","hentry"],"_links":{"self":[{"href":"https:\/\/dur-schroeder.de\/fobyde\/wordpress\/wp-json\/wp\/v2\/pages\/25","targetHints":{"allow":["GET"]}}],"collection":[{"href":"https:\/\/dur-schroeder.de\/fobyde\/wordpress\/wp-json\/wp\/v2\/pages"}],"about":[{"href":"https:\/\/dur-schroeder.de\/fobyde\/wordpress\/wp-json\/wp\/v2\/types\/page"}],"author":[{"embeddable":true,"href":"https:\/\/dur-schroeder.de\/fobyde\/wordpress\/wp-json\/wp\/v2\/users\/1"}],"replies":[{"embeddable":true,"href":"https:\/\/dur-schroeder.de\/fobyde\/wordpress\/wp-json\/wp\/v2\/comments?post=25"}],"version-history":[{"count":4,"href":"https:\/\/dur-schroeder.de\/fobyde\/wordpress\/wp-json\/wp\/v2\/pages\/25\/revisions"}],"predecessor-version":[{"id":220,"href":"https:\/\/dur-schroeder.de\/fobyde\/wordpress\/wp-json\/wp\/v2\/pages\/25\/revisions\/220"}],"up":[{"embeddable":true,"href":"https:\/\/dur-schroeder.de\/fobyde\/wordpress\/wp-json\/wp\/v2\/pages\/21"}],"wp:attachment":[{"href":"https:\/\/dur-schroeder.de\/fobyde\/wordpress\/wp-json\/wp\/v2\/media?parent=25"}],"curies":[{"name":"wp","href":"https:\/\/api.w.org\/{rel}","templated":true}]}}