{"id":60,"date":"2022-08-04T10:14:24","date_gmt":"2022-08-04T08:14:24","guid":{"rendered":"https:\/\/dur-schroeder.de\/fobyde\/wordpress\/prettyface\/?page_id=60"},"modified":"2026-02-04T12:21:52","modified_gmt":"2026-02-04T11:21:52","slug":"behandlungen","status":"publish","type":"page","link":"https:\/\/dur-schroeder.de\/fobyde\/wordpress\/prettyface\/behandlungen\/","title":{"rendered":"Behandlungen"},"content":{"rendered":"\n<h2 class=\"wp-block-heading\" id=\"Behandlungen\">Nehmen Sie sich Zeit f\u00fcr einen Kurzurlaub!<\/h2>\n\n\n\n<h3 class=\"wp-block-heading\">Jung bleiben beim \u00e4lter werden.<\/h3>\n\n\n\n<h4 class=\"wp-block-heading\">Gepflegte Haut ist das sch\u00f6nste Geschenk!<br>Genie\u00dfen Sie die Stunden! <\/h4>\n\n\n\n<h4 class=\"wp-block-heading\">Meine <strong>Kosmetikbehandlungen<\/strong> werden mit qualitativ hochwertigen Produkten ohne apparative Kosmetikger\u00e4te durchgef\u00fchrt.<\/h4>\n\n\n\n<div class=\"wp-block-media-text alignwide is-stacked-on-mobile\" style=\"grid-template-columns:26% auto\"><figure class=\"wp-block-media-text__media\"><img loading=\"lazy\" decoding=\"async\" width=\"400\" height=\"539\" src=\"https:\/\/dur-schroeder.de\/fobyde\/wordpress\/prettyface\/wp-content\/uploads\/sites\/2\/2022\/09\/behandlung-1.jpg\" alt=\"\" class=\"wp-image-448 size-medium\" srcset=\"https:\/\/dur-schroeder.de\/fobyde\/wordpress\/prettyface\/wp-content\/uploads\/sites\/2\/2022\/09\/behandlung-1.jpg 400w, https:\/\/dur-schroeder.de\/fobyde\/wordpress\/prettyface\/wp-content\/uploads\/sites\/2\/2022\/09\/behandlung-1-223x300.jpg 223w\" sizes=\"auto, (max-width: 400px) 100vw, 400px\" \/><\/figure><div class=\"wp-block-media-text__content\">\n<p id=\"Gesichtsbehandlung\">Eine <strong>Gesichtsbehandlung<\/strong> der klassischen Art zum Kennen lernen mit allen wesentlichen Elementen der Sch\u00f6nheitspflege wie Hautdiagnose, Reinigung , Gesicht-, Hals- und Decollet\u00e8massage und Gesichtsmaske. Mit viel Feuchtigkeit und Pflege in den obersten Hautschichten wird die Haut verw\u00f6hnt. Auf Wunsch rundet ein kleines Tages make up Ihren Besuch bei mir ab.<\/p>\n<\/div><\/div>\n\n\n\n<div class=\"wp-block-media-text alignwide has-media-on-the-right is-stacked-on-mobile\" style=\"grid-template-columns:auto 26%\"><div class=\"wp-block-media-text__content\">\n<p id=\"Verw\u00f6hnbehandlung\">Die Pretty Face &#8211; <strong>Verw\u00f6hnbehandlung<\/strong> wird mit sehr milden, hautberuhigenden Pflanzen\u00f6len durchgef\u00fchrt und ist ein all inclusive Angebot. Ihr Kurzurlaub beinhaltet Hautdiagnose, Reinigung, Peeling, Tiefenreinigung, Liposomengel, ein Wirkstoffcocktail wird mit einer entspannenden Druckpunkt-massage in die Haut eingearbeitet, Gesichts-, Hals-und Decollet\u00e8massage, Packung oder Maske, Augenpflege,Lippen-pflege, auf Wunsch ein leichtes Make up. Mehr Pflege und Harmonie finden Sie nur noch bei meinen Spezialbehandlungen.<\/p>\n<\/div><figure class=\"wp-block-media-text__media\"><img loading=\"lazy\" decoding=\"async\" width=\"176\" height=\"300\" src=\"https:\/\/dur-schroeder.de\/fobyde\/wordpress\/prettyface\/wp-content\/uploads\/sites\/2\/2022\/09\/biodroga-0016-1-176x300.jpg\" alt=\"\" class=\"wp-image-458 size-medium\" srcset=\"https:\/\/dur-schroeder.de\/fobyde\/wordpress\/prettyface\/wp-content\/uploads\/sites\/2\/2022\/09\/biodroga-0016-1-176x300.jpg 176w, https:\/\/dur-schroeder.de\/fobyde\/wordpress\/prettyface\/wp-content\/uploads\/sites\/2\/2022\/09\/biodroga-0016-1.jpg 293w\" sizes=\"auto, (max-width: 176px) 100vw, 176px\" \/><\/figure><\/div>\n\n\n\n<div class=\"wp-block-media-text alignwide is-stacked-on-mobile\" style=\"grid-template-columns:26% auto\"><figure class=\"wp-block-media-text__media\"><img loading=\"lazy\" decoding=\"async\" width=\"300\" height=\"268\" src=\"https:\/\/dur-schroeder.de\/fobyde\/wordpress\/prettyface\/wp-content\/uploads\/sites\/2\/2023\/11\/Biodroga-Men-300x268.jpg\" alt=\"\" class=\"wp-image-661 size-medium\" srcset=\"https:\/\/dur-schroeder.de\/fobyde\/wordpress\/prettyface\/wp-content\/uploads\/sites\/2\/2023\/11\/Biodroga-Men-300x268.jpg 300w, https:\/\/dur-schroeder.de\/fobyde\/wordpress\/prettyface\/wp-content\/uploads\/sites\/2\/2023\/11\/Biodroga-Men.jpg 626w\" sizes=\"auto, (max-width: 300px) 100vw, 300px\" \/><\/figure><div class=\"wp-block-media-text__content\">\n<p id=\"Herrenkosmetik\">Die <strong>Herrenkosmetikbehandlung<\/strong> &#8211; denn auch M\u00e4nner haben Haut. Sie beinhaltet eine intensive Reinigung, Wirkstoffampulle mit einer Druckpunktmassage, Feuchtigkeitsmaske und Tagespflege.<\/p>\n\n\n\n<p><em><strong>Men Power \u2013 <\/strong><\/em><em>Wenn es ein bisschen mehr sein darf<\/em><\/p>\n\n\n\n<p>Zus\u00e4tztlich zur Herrenkosmetikbehandlung wird entweder die 360\u00b0 Vliesmaske aufgetragen, die der Haut intensive Feuchtigkeit spendet und hautberuhigend wirkt, oder die Hydra Boost Maske. Sie wirkt vitalisierend und hinterl\u00e4\u00dft eine sofortige Frische der Haut.<\/p>\n<\/div><\/div>\n\n\n\n<p><br><\/p>\n\n\n\n<div class=\"wp-block-media-text has-media-on-the-right is-stacked-on-mobile\" style=\"grid-template-columns:auto 20%\"><div class=\"wp-block-media-text__content\">\n<p>Die <strong>Behandlung der Problemhaut<\/strong> und konsequente Heimpflege f\u00fchren in jedem Alter zu einer sichtbaren Hautverbesserung und st\u00e4rken die hauteigene Abwehr. Hautdiagnose, intensive Reinigung, hautberuhigende Packung und Tagespflege geh\u00f6ren zu dieser Behandlung.<\/p>\n<\/div><figure class=\"wp-block-media-text__media\"><img loading=\"lazy\" decoding=\"async\" width=\"1024\" height=\"768\" src=\"https:\/\/dur-schroeder.de\/fobyde\/wordpress\/prettyface\/wp-content\/uploads\/sites\/2\/2023\/11\/Problemhaut-1024x768.jpg\" alt=\"\" class=\"wp-image-681 size-medium\" srcset=\"https:\/\/dur-schroeder.de\/fobyde\/wordpress\/prettyface\/wp-content\/uploads\/sites\/2\/2023\/11\/Problemhaut-1024x768.jpg 1024w, https:\/\/dur-schroeder.de\/fobyde\/wordpress\/prettyface\/wp-content\/uploads\/sites\/2\/2023\/11\/Problemhaut-300x225.jpg 300w, https:\/\/dur-schroeder.de\/fobyde\/wordpress\/prettyface\/wp-content\/uploads\/sites\/2\/2023\/11\/Problemhaut-768x576.jpg 768w, https:\/\/dur-schroeder.de\/fobyde\/wordpress\/prettyface\/wp-content\/uploads\/sites\/2\/2023\/11\/Problemhaut-1536x1152.jpg 1536w, https:\/\/dur-schroeder.de\/fobyde\/wordpress\/prettyface\/wp-content\/uploads\/sites\/2\/2023\/11\/Problemhaut-2048x1536.jpg 2048w, https:\/\/dur-schroeder.de\/fobyde\/wordpress\/prettyface\/wp-content\/uploads\/sites\/2\/2023\/11\/Problemhaut-1140x855.jpg 1140w\" sizes=\"auto, (max-width: 1024px) 100vw, 1024px\" \/><\/figure><\/div>\n\n\n\n<h2 class=\"wp-block-heading\">Ein glatter Erfolg f\u00fcr Ihre Haut!<\/h2>\n\n\n\n<h3 class=\"wp-block-heading\">Darf es ein bisschen mehr sein?<\/h3>\n\n\n\n<h4 class=\"wp-block-heading\" id=\"Spezialbehandlung\">Neben der klassischen Kosmetikbehandlung biete ich Ihnen eine Reihe von <strong>Spezialbehandlungen<\/strong> an.<\/h4>\n\n\n\n<div class=\"wp-block-media-text alignwide has-media-on-the-right is-stacked-on-mobile\" style=\"grid-template-columns:auto 32%\" id=\"Lifting\"><div class=\"wp-block-media-text__content\">\n<p><strong><em>Liftingbehandlung mit dem Gua Sha Stein (Jadestein)<\/em><\/strong>                      Die Behandlung mit dem Jadestein kommt aus der traditionellen chinesischen Medizin (TCM). Durch die Behandlung wird das Qi (unsere Lebensenergie) angeregt, Schwellungen werden minimiert, die Durchblutung wird gesteigert und somit die Spannkraft der Haut optimiert.Im Anschlu\u00df wird die Skin Rejuvenating Maske aufgetragen, die zus\u00e4tzlich straffend und gl\u00e4ttend wirkt.              <strong>Das Ergebnis:<\/strong> Pralle und glatte Haut mit gefestigten Gesichtskonturen.                                                                           Mit der Skin Rejuvenating Maske (2-3 mal pro Woche) kann das Ergebnis noch optimiert werden.<\/p>\n\n\n\n<p>Die Behandlung kann nicht bei Rosazea angewandt werden.<\/p>\n<\/div><figure class=\"wp-block-media-text__media\"><img loading=\"lazy\" decoding=\"async\" width=\"2560\" height=\"1920\" src=\"https:\/\/dur-schroeder.de\/fobyde\/wordpress\/prettyface\/wp-content\/uploads\/sites\/2\/2026\/02\/Liftingbehandlung-scaled.jpg\" alt=\"\" class=\"wp-image-804 size-full\" srcset=\"https:\/\/dur-schroeder.de\/fobyde\/wordpress\/prettyface\/wp-content\/uploads\/sites\/2\/2026\/02\/Liftingbehandlung-scaled.jpg 2560w, https:\/\/dur-schroeder.de\/fobyde\/wordpress\/prettyface\/wp-content\/uploads\/sites\/2\/2026\/02\/Liftingbehandlung-300x225.jpg 300w\" sizes=\"auto, (max-width: 2560px) 100vw, 2560px\" \/><\/figure><\/div>\n\n\n\n<p><\/p>\n\n\n\n<div class=\"wp-block-media-text is-stacked-on-mobile\" style=\"grid-template-columns:32% auto\" id=\"Golden-Kosmetik\"><figure class=\"wp-block-media-text__media\"><img loading=\"lazy\" decoding=\"async\" width=\"1024\" height=\"683\" src=\"https:\/\/dur-schroeder.de\/fobyde\/wordpress\/prettyface\/wp-content\/uploads\/sites\/2\/2022\/12\/biodroga-1407-1024x683.jpg\" alt=\"\" class=\"wp-image-572 size-full\" srcset=\"https:\/\/dur-schroeder.de\/fobyde\/wordpress\/prettyface\/wp-content\/uploads\/sites\/2\/2022\/12\/biodroga-1407-1024x683.jpg 1024w, https:\/\/dur-schroeder.de\/fobyde\/wordpress\/prettyface\/wp-content\/uploads\/sites\/2\/2022\/12\/biodroga-1407-300x200.jpg 300w, https:\/\/dur-schroeder.de\/fobyde\/wordpress\/prettyface\/wp-content\/uploads\/sites\/2\/2022\/12\/biodroga-1407-768x512.jpg 768w, https:\/\/dur-schroeder.de\/fobyde\/wordpress\/prettyface\/wp-content\/uploads\/sites\/2\/2022\/12\/biodroga-1407-1536x1025.jpg 1536w, https:\/\/dur-schroeder.de\/fobyde\/wordpress\/prettyface\/wp-content\/uploads\/sites\/2\/2022\/12\/biodroga-1407-2048x1366.jpg 2048w, https:\/\/dur-schroeder.de\/fobyde\/wordpress\/prettyface\/wp-content\/uploads\/sites\/2\/2022\/12\/biodroga-1407-1140x760.jpg 1140w\" sizes=\"auto, (max-width: 1024px) 100vw, 1024px\" \/><\/figure><div class=\"wp-block-media-text__content\">\n<p class=\"Golden Kosmetik\"><em><strong>Golden Caviar Kosmetikbehandlung<\/strong><\/em> wird mit hochwertigen Inhaltsstoffen wie Kaviarextrakt, Retinol und Hyalurons\u00e4ure in den Pflegeprodukten durchgef\u00fchrt. Die golden Kaviar Vliesmaske taucht die Haut in ein einzigartiges Wirkstoffbad und schmiegt sich perfekt der Haut an. Linien und F\u00e4ltchen werden sichtbar gegl\u00e4ttet.<\/p>\n\n\n\n<p><em>Manchmal muss es eben Kaviar sein!<\/em><\/p>\n<\/div><\/div>\n\n\n\n<div class=\"wp-block-media-text alignwide has-media-on-the-right is-stacked-on-mobile\" style=\"grid-template-columns:auto 20%\" id=\"Golden-Luxus\"><div class=\"wp-block-media-text__content\">\n<p><em><strong>Golden Caviar Luxusbehandlung<\/strong><\/em> wird Ihre Haut mit den golden Kaviar Produkten und zus\u00e4tzlich mit luxuri\u00f6sem 24 Karat Blattgold verw\u00f6hnt. Diese ganz besondere Behandlung hinterl\u00e4sst einen glamour\u00f6sen Glow auf der Haut und steigert die hauteigene Vitalit\u00e4t und Spannkraft. Das 24 Karat Blattgold wirkt entz\u00fcndungshemmend, beruhigend und transportiert darunter liegende Wirkstoffe tief in die Haut. Die Haut erstrahlt in glamour\u00f6ser Vitalit\u00e4t, wirkt prall und glatt mit gefestigten Gesichtskonturen.<\/p>\n\n\n\n<p><em>Luxus und Vitalit\u00e4t in einer Behandlung \u2013 eben 100 % Gold<\/em><\/p>\n<\/div><figure class=\"wp-block-media-text__media\"><img loading=\"lazy\" decoding=\"async\" width=\"810\" height=\"1024\" src=\"https:\/\/dur-schroeder.de\/fobyde\/wordpress\/prettyface\/wp-content\/uploads\/sites\/2\/2023\/10\/Blattgold-810x1024.jpg\" alt=\"\" class=\"wp-image-611 size-full\" srcset=\"https:\/\/dur-schroeder.de\/fobyde\/wordpress\/prettyface\/wp-content\/uploads\/sites\/2\/2023\/10\/Blattgold-810x1024.jpg 810w, https:\/\/dur-schroeder.de\/fobyde\/wordpress\/prettyface\/wp-content\/uploads\/sites\/2\/2023\/10\/Blattgold-237x300.jpg 237w, https:\/\/dur-schroeder.de\/fobyde\/wordpress\/prettyface\/wp-content\/uploads\/sites\/2\/2023\/10\/Blattgold-768x971.jpg 768w, https:\/\/dur-schroeder.de\/fobyde\/wordpress\/prettyface\/wp-content\/uploads\/sites\/2\/2023\/10\/Blattgold-1215x1536.jpg 1215w, https:\/\/dur-schroeder.de\/fobyde\/wordpress\/prettyface\/wp-content\/uploads\/sites\/2\/2023\/10\/Blattgold-1140x1441.jpg 1140w, https:\/\/dur-schroeder.de\/fobyde\/wordpress\/prettyface\/wp-content\/uploads\/sites\/2\/2023\/10\/Blattgold.jpg 1347w\" sizes=\"auto, (max-width: 810px) 100vw, 810px\" \/><\/figure><\/div>\n\n\n\n<div class=\"wp-block-media-text alignwide is-stacked-on-mobile\" style=\"grid-template-columns:24% auto\"><figure class=\"wp-block-media-text__media\"><img loading=\"lazy\" decoding=\"async\" width=\"903\" height=\"1024\" src=\"https:\/\/dur-schroeder.de\/fobyde\/wordpress\/prettyface\/wp-content\/uploads\/sites\/2\/2022\/09\/kerzen-903x1024.jpg\" alt=\"\" class=\"wp-image-461 size-full\" srcset=\"https:\/\/dur-schroeder.de\/fobyde\/wordpress\/prettyface\/wp-content\/uploads\/sites\/2\/2022\/09\/kerzen-903x1024.jpg 903w, https:\/\/dur-schroeder.de\/fobyde\/wordpress\/prettyface\/wp-content\/uploads\/sites\/2\/2022\/09\/kerzen-264x300.jpg 264w, https:\/\/dur-schroeder.de\/fobyde\/wordpress\/prettyface\/wp-content\/uploads\/sites\/2\/2022\/09\/kerzen-768x871.jpg 768w, https:\/\/dur-schroeder.de\/fobyde\/wordpress\/prettyface\/wp-content\/uploads\/sites\/2\/2022\/09\/kerzen-1354x1536.jpg 1354w, https:\/\/dur-schroeder.de\/fobyde\/wordpress\/prettyface\/wp-content\/uploads\/sites\/2\/2022\/09\/kerzen-1805x2048.jpg 1805w, https:\/\/dur-schroeder.de\/fobyde\/wordpress\/prettyface\/wp-content\/uploads\/sites\/2\/2022\/09\/kerzen-1140x1293.jpg 1140w\" sizes=\"auto, (max-width: 903px) 100vw, 903px\" \/><\/figure><div class=\"wp-block-media-text__content\">\n<p id=\"Ohrkerzenbehandlung\">Knisternde Entspannung durch eine <strong>Ohrkerzenbehandlung<\/strong> &#8211; erleben Sie Entspannung, Massage von Ohren, Nacken und Kopf, wohlige W\u00e4rme und ein beruhigendes Knisterger\u00e4usch durch das Abbrennen einer Ohrkerze.<\/p>\n<\/div><\/div>\n\n\n\n<p><\/p>\n\n\n\n<h2 class=\"wp-block-heading\" id=\"Extras\">Kleine Extras<\/h2>\n\n\n\n<h3 class=\"wp-block-heading\">Sch\u00f6nheit auf den Punkt gebracht.<\/h3>\n\n\n\n<h4 class=\"wp-block-heading\">Mit diesen Angeboten k\u00f6nnen Sie jede Behandlung zus\u00e4tzlich aufwerten.<\/h4>\n\n\n\n<p id=\"Ultraschall-Behandlung\"><strong>Ultraschall-Behandlung<\/strong><br>In Kombination mit einer Kosmetikbehandlung steigert Ultraschall die Aufnahmef\u00e4higkeit und Wirkung von Konzentraten um ca. 50%. Transportwege in der Haut werden ge\u00f6ffnet, Durchblutung und Zellstoffwechsel werden angeregt, ebenso der Kollagen- und Elastinaufbau. Dadurch werden Knitterf\u00e4ltchen gemildert. Die Haut erscheint glatter und frischer und kann mit der 360\u00b0 Lifting Vliesmaske kombiniert werden. F\u00fcr alle Hauttypen geeignet.<br>Die Ultraschall-Behandlung dauert ca. 8-10 Minuten<\/p>\n\n\n\n<p id=\"Ultraschall-Augen\"><strong>Ultraschall f\u00fcr Augen und Lippen<\/strong><br>Die Ultraschall-Behandlung dauert ca. 5 Minuten<\/p>\n\n\n\n<div class=\"wp-block-media-text alignwide has-media-on-the-right is-stacked-on-mobile\" style=\"grid-template-columns:auto 32%\"><div class=\"wp-block-media-text__content\">\n<p id=\"Vliesmaske\"><strong>360\u00b0 Lifting Vliesmaske<\/strong><br>Eine hochwirksame Vliesmaske gl\u00e4ttet und erfrischt die Haut sichtbar. Sie schmiegt sich perfekt an die Haut an. Hohe Mengen an hochwertigen Wirkstoffen werden konstant an die Haut abgegeben. Die Vliesmaske selbst ist ebenfalls &#8222;Made in Schwarzwald&#8220; nach h\u00f6chsten Qualit\u00e4tsanspr\u00fcchen hergestellt und kann mit der Ultraschall- Behandlung in die Haut eingeschleust werden.  <\/p>\n\n\n\n<p>Geben Sie F\u00e4ltchen keine Chance. <\/p>\n<\/div><figure class=\"wp-block-media-text__media\"><img loading=\"lazy\" decoding=\"async\" width=\"1024\" height=\"683\" src=\"https:\/\/dur-schroeder.de\/fobyde\/wordpress\/prettyface\/wp-content\/uploads\/sites\/2\/2022\/09\/biodroga-0045-1024x683.jpg\" alt=\"\" class=\"wp-image-408 size-medium\" srcset=\"https:\/\/dur-schroeder.de\/fobyde\/wordpress\/prettyface\/wp-content\/uploads\/sites\/2\/2022\/09\/biodroga-0045-1024x683.jpg 1024w, https:\/\/dur-schroeder.de\/fobyde\/wordpress\/prettyface\/wp-content\/uploads\/sites\/2\/2022\/09\/biodroga-0045-300x200.jpg 300w, https:\/\/dur-schroeder.de\/fobyde\/wordpress\/prettyface\/wp-content\/uploads\/sites\/2\/2022\/09\/biodroga-0045-768x512.jpg 768w, https:\/\/dur-schroeder.de\/fobyde\/wordpress\/prettyface\/wp-content\/uploads\/sites\/2\/2022\/09\/biodroga-0045-1536x1024.jpg 1536w, https:\/\/dur-schroeder.de\/fobyde\/wordpress\/prettyface\/wp-content\/uploads\/sites\/2\/2022\/09\/biodroga-0045-2048x1366.jpg 2048w, https:\/\/dur-schroeder.de\/fobyde\/wordpress\/prettyface\/wp-content\/uploads\/sites\/2\/2022\/09\/biodroga-0045-1140x760.jpg 1140w\" sizes=\"auto, (max-width: 1024px) 100vw, 1024px\" \/><\/figure><\/div>\n\n\n\n<div class=\"wp-block-media-text alignwide is-stacked-on-mobile\" style=\"grid-template-columns:19% auto\" id=\"Wimpern\"><figure class=\"wp-block-media-text__media\"><img loading=\"lazy\" decoding=\"async\" width=\"300\" height=\"235\" src=\"https:\/\/dur-schroeder.de\/fobyde\/wordpress\/prettyface\/wp-content\/uploads\/sites\/2\/2022\/08\/wimpern-300x235.jpg\" alt=\"\" class=\"wp-image-349 size-medium\" srcset=\"https:\/\/dur-schroeder.de\/fobyde\/wordpress\/prettyface\/wp-content\/uploads\/sites\/2\/2022\/08\/wimpern-300x235.jpg 300w, https:\/\/dur-schroeder.de\/fobyde\/wordpress\/prettyface\/wp-content\/uploads\/sites\/2\/2022\/08\/wimpern-768x601.jpg 768w, https:\/\/dur-schroeder.de\/fobyde\/wordpress\/prettyface\/wp-content\/uploads\/sites\/2\/2022\/08\/wimpern.jpg 947w\" sizes=\"auto, (max-width: 300px) 100vw, 300px\" \/><\/figure><div class=\"wp-block-media-text__content\">\n<p id=\"Wimpern\"><strong>Wimpern f\u00e4rben<\/strong><\/p>\n\n\n\n<p id=\"Augenbrauen\"><strong>Augenbrauen f\u00e4rben<\/strong><\/p>\n<\/div><\/div>\n\n\n\n<p>Einige Kosmetikbehandlungen werden zus\u00e4tzlich mit \u00e4therischen \u00d6len und einer Aroma-Fu\u00dfmassage auf Ihre Bed\u00fcrfnisse abgestimmt.<\/p>\n\n\n\n<p>Wenn Sie sich f\u00fcr eine dieser Behandlungen interessieren, vereinbaren Sie ein pers\u00f6nliches Beratungsgespr\u00e4ch mit mir.<br><br><em>Man vergi\u00dft leicht, worum es sich gehandelt hat, aber nie wie man behandelt wurde.<\/em><br><br>Einen sch\u00f6nen Tag w\u00fcnscht Ihnen<br>Ihre Kosmetikerin<br>Roswitha Schr\u00f6der<\/p>\n","protected":false},"excerpt":{"rendered":"<p>Nehmen Sie sich Zeit f\u00fcr einen Kurzurlaub! Jung bleiben beim \u00e4lter werden. Gepflegte Haut ist das sch\u00f6nste Geschenk!Genie\u00dfen Sie die Stunden! Meine Kosmetikbehandlungen werden mit qualitativ hochwertigen Produkten ohne apparative Kosmetikger\u00e4te durchgef\u00fchrt. Eine Gesichtsbehandlung der klassischen Art zum Kennen lernen mit allen wesentlichen Elementen der Sch\u00f6nheitspflege wie Hautdiagnose, Reinigung , Gesicht-, Hals- und Decollet\u00e8massage und Gesichtsmaske. Mit viel Feuchtigkeit und Pflege in den obersten Hautschichten wird die Haut verw\u00f6hnt. Auf Wunsch rundet ein kleines Tages make up Ihren Besuch bei mir ab. Die Pretty Face &#8211; Verw\u00f6hnbehandlung wird mit sehr milden, hautberuhigenden Pflanzen\u00f6len durchgef\u00fchrt und ist ein all inclusive Angebot. Ihr Kurzurlaub beinhaltet Hautdiagnose, Reinigung, Peeling, Tiefenreinigung, Liposomengel, ein Wirkstoffcocktail wird mit einer entspannenden Druckpunkt-massage in die Haut eingearbeitet, Gesichts-, Hals-und Decollet\u00e8massage, Packung oder Maske, Augenpflege,Lippen-pflege, auf Wunsch ein leichtes Make up. Mehr Pflege und Harmonie finden Sie nur noch bei meinen Spezialbehandlungen. Die Herrenkosmetikbehandlung &#8211; denn auch M\u00e4nner haben Haut. Sie beinhaltet eine intensive Reinigung, Wirkstoffampulle mit einer Druckpunktmassage, Feuchtigkeitsmaske und Tagespflege. Men Power \u2013 Wenn es ein bisschen mehr sein darf Zus\u00e4tztlich zur Herrenkosmetikbehandlung wird entweder die 360\u00b0 Vliesmaske aufgetragen, die der Haut intensive Feuchtigkeit spendet und hautberuhigend wirkt, oder die Hydra Boost Maske. Sie wirkt vitalisierend und hinterl\u00e4\u00dft eine sofortige Frische der Haut. Die Behandlung der Problemhaut und konsequente Heimpflege f\u00fchren in jedem Alter zu einer sichtbaren Hautverbesserung und st\u00e4rken die hauteigene Abwehr. Hautdiagnose, intensive Reinigung, hautberuhigende Packung und Tagespflege geh\u00f6ren zu dieser Behandlung. Ein glatter Erfolg f\u00fcr Ihre Haut! Darf es ein bisschen mehr sein? Neben der klassischen Kosmetikbehandlung biete ich Ihnen eine Reihe von Spezialbehandlungen an. Liftingbehandlung mit dem Gua Sha Stein (Jadestein) Die Behandlung mit dem Jadestein kommt aus der traditionellen chinesischen Medizin (TCM). Durch die Behandlung wird das Qi (unsere Lebensenergie) angeregt, Schwellungen werden minimiert, die Durchblutung wird gesteigert und somit die Spannkraft der Haut optimiert.Im Anschlu\u00df wird die Skin Rejuvenating Maske aufgetragen, die zus\u00e4tzlich straffend und gl\u00e4ttend wirkt. Das Ergebnis: Pralle und glatte Haut mit gefestigten Gesichtskonturen. Mit der Skin Rejuvenating Maske (2-3 mal pro Woche) kann das Ergebnis noch optimiert werden. Die Behandlung kann nicht bei Rosazea angewandt werden. Golden Caviar Kosmetikbehandlung wird mit hochwertigen Inhaltsstoffen wie Kaviarextrakt, Retinol und Hyalurons\u00e4ure in den Pflegeprodukten durchgef\u00fchrt. Die golden Kaviar Vliesmaske taucht die Haut in ein einzigartiges Wirkstoffbad und schmiegt sich perfekt der Haut an. Linien und F\u00e4ltchen werden sichtbar gegl\u00e4ttet. Manchmal muss es eben Kaviar sein! Golden Caviar Luxusbehandlung wird Ihre Haut mit den golden Kaviar Produkten und zus\u00e4tzlich mit luxuri\u00f6sem 24 Karat Blattgold verw\u00f6hnt. Diese ganz besondere Behandlung hinterl\u00e4sst einen glamour\u00f6sen Glow auf der Haut und steigert die hauteigene Vitalit\u00e4t und Spannkraft. Das 24 Karat Blattgold wirkt entz\u00fcndungshemmend, beruhigend und transportiert darunter liegende Wirkstoffe tief in die Haut. Die Haut erstrahlt in glamour\u00f6ser Vitalit\u00e4t, wirkt prall und glatt mit gefestigten Gesichtskonturen. Luxus und Vitalit\u00e4t in einer Behandlung \u2013 eben 100 % Gold Knisternde Entspannung durch eine Ohrkerzenbehandlung &#8211; erleben Sie Entspannung, Massage von Ohren, Nacken und Kopf, wohlige W\u00e4rme und ein beruhigendes Knisterger\u00e4usch durch das Abbrennen einer Ohrkerze. Kleine Extras Sch\u00f6nheit auf den Punkt gebracht. Mit diesen Angeboten k\u00f6nnen Sie jede Behandlung zus\u00e4tzlich aufwerten. Ultraschall-BehandlungIn Kombination mit einer Kosmetikbehandlung steigert Ultraschall die Aufnahmef\u00e4higkeit und Wirkung von Konzentraten um ca. 50%. Transportwege in der Haut werden ge\u00f6ffnet, Durchblutung und Zellstoffwechsel werden angeregt, ebenso der Kollagen- und Elastinaufbau. Dadurch werden Knitterf\u00e4ltchen gemildert. Die Haut erscheint glatter und frischer und kann mit der 360\u00b0 Lifting Vliesmaske kombiniert werden. F\u00fcr alle Hauttypen geeignet.Die Ultraschall-Behandlung dauert ca. 8-10 Minuten Ultraschall f\u00fcr Augen und LippenDie Ultraschall-Behandlung dauert ca. 5 Minuten 360\u00b0 Lifting VliesmaskeEine hochwirksame Vliesmaske gl\u00e4ttet und erfrischt die Haut sichtbar. Sie schmiegt sich perfekt an die Haut an. Hohe Mengen an hochwertigen Wirkstoffen werden konstant an die Haut abgegeben. Die Vliesmaske selbst ist ebenfalls &#8222;Made in Schwarzwald&#8220; nach h\u00f6chsten Qualit\u00e4tsanspr\u00fcchen hergestellt und kann mit der Ultraschall- Behandlung in die Haut eingeschleust werden. Geben Sie F\u00e4ltchen keine Chance. Wimpern f\u00e4rben Augenbrauen f\u00e4rben Einige Kosmetikbehandlungen werden zus\u00e4tzlich mit \u00e4therischen \u00d6len und einer Aroma-Fu\u00dfmassage auf Ihre Bed\u00fcrfnisse abgestimmt. Wenn Sie sich f\u00fcr eine dieser Behandlungen interessieren, vereinbaren Sie ein pers\u00f6nliches Beratungsgespr\u00e4ch mit mir. Man vergi\u00dft leicht, worum es sich gehandelt hat, aber nie wie man behandelt wurde. Einen sch\u00f6nen Tag w\u00fcnscht IhnenIhre KosmetikerinRoswitha Schr\u00f6der<\/p>\n","protected":false},"author":1,"featured_media":22,"parent":0,"menu_order":0,"comment_status":"closed","ping_status":"closed","template":"","meta":{"footnotes":""},"class_list":["post-60","page","type-page","status-publish","has-post-thumbnail","hentry"],"_links":{"self":[{"href":"https:\/\/dur-schroeder.de\/fobyde\/wordpress\/prettyface\/wp-json\/wp\/v2\/pages\/60","targetHints":{"allow":["GET"]}}],"collection":[{"href":"https:\/\/dur-schroeder.de\/fobyde\/wordpress\/prettyface\/wp-json\/wp\/v2\/pages"}],"about":[{"href":"https:\/\/dur-schroeder.de\/fobyde\/wordpress\/prettyface\/wp-json\/wp\/v2\/types\/page"}],"author":[{"embeddable":true,"href":"https:\/\/dur-schroeder.de\/fobyde\/wordpress\/prettyface\/wp-json\/wp\/v2\/users\/1"}],"replies":[{"embeddable":true,"href":"https:\/\/dur-schroeder.de\/fobyde\/wordpress\/prettyface\/wp-json\/wp\/v2\/comments?post=60"}],"version-history":[{"count":66,"href":"https:\/\/dur-schroeder.de\/fobyde\/wordpress\/prettyface\/wp-json\/wp\/v2\/pages\/60\/revisions"}],"predecessor-version":[{"id":813,"href":"https:\/\/dur-schroeder.de\/fobyde\/wordpress\/prettyface\/wp-json\/wp\/v2\/pages\/60\/revisions\/813"}],"wp:featuredmedia":[{"embeddable":true,"href":"https:\/\/dur-schroeder.de\/fobyde\/wordpress\/prettyface\/wp-json\/wp\/v2\/media\/22"}],"wp:attachment":[{"href":"https:\/\/dur-schroeder.de\/fobyde\/wordpress\/prettyface\/wp-json\/wp\/v2\/media?parent=60"}],"curies":[{"name":"wp","href":"https:\/\/api.w.org\/{rel}","templated":true}]}}