{"id":172,"date":"2022-08-06T12:49:33","date_gmt":"2022-08-06T10:49:33","guid":{"rendered":"https:\/\/dur-schroeder.de\/fobyde\/wordpress\/prettyface\/?page_id=172"},"modified":"2022-09-24T13:16:45","modified_gmt":"2022-09-24T11:16:45","slug":"biografie","status":"publish","type":"page","link":"https:\/\/dur-schroeder.de\/fobyde\/wordpress\/prettyface\/biografie\/","title":{"rendered":"Biografie"},"content":{"rendered":"\n<h2 class=\"wp-block-heading\">Wissenswertes \u00fcber mich<\/h2>\n\n\n\n<div class=\"wp-block-media-text alignwide has-media-on-the-right is-stacked-on-mobile is-vertically-aligned-top\" style=\"grid-template-columns:auto 30%\"><figure class=\"wp-block-media-text__media\"><img loading=\"lazy\" decoding=\"async\" width=\"825\" height=\"825\" src=\"https:\/\/dur-schroeder.de\/fobyde\/wordpress\/prettyface\/wp-content\/uploads\/sites\/2\/2022\/09\/Ita.jpg\" alt=\"\" class=\"wp-image-416 size-medium\" srcset=\"https:\/\/dur-schroeder.de\/fobyde\/wordpress\/prettyface\/wp-content\/uploads\/sites\/2\/2022\/09\/Ita.jpg 825w, https:\/\/dur-schroeder.de\/fobyde\/wordpress\/prettyface\/wp-content\/uploads\/sites\/2\/2022\/09\/Ita-300x300.jpg 300w, https:\/\/dur-schroeder.de\/fobyde\/wordpress\/prettyface\/wp-content\/uploads\/sites\/2\/2022\/09\/Ita-150x150.jpg 150w, https:\/\/dur-schroeder.de\/fobyde\/wordpress\/prettyface\/wp-content\/uploads\/sites\/2\/2022\/09\/Ita-768x768.jpg 768w, https:\/\/dur-schroeder.de\/fobyde\/wordpress\/prettyface\/wp-content\/uploads\/sites\/2\/2022\/09\/Ita-75x75.jpg 75w\" sizes=\"auto, (max-width: 825px) 100vw, 825px\" \/><\/figure><div class=\"wp-block-media-text__content\">\n<p>1972 begann ich meine Ausbildung als Gro\u00df- und Au\u00dfenhandelskauffrau.<br>Nach der Ausbildung arbeitete ich einige Jahre in diesem Beruf, bevor ich mich 1985 zu einer Ausbildung bei Rosemarie Bollenbeck in Bremen zur Kosmetikerin entschlo\u00df. Nach 4 Semestern beendete ich die Ausbildung mit staatlicher Anerkennung und staatlicher Pr\u00fcfung. Anschlie\u00dfend er\u00f6ffnete ich mein Kosmetikstudio &#8222;Pretty Face&#8220;.<br>Neben der st\u00e4ndigen Fortbildung durch Fachseminare und Messebesuche habe ich eine Ausbildung zur Visagistin bei Malu Wilz absolviert.<br>Seit mehr als drei\u00dfig Jahren bin ich als selbstst\u00e4ndige Kosmetikerin t\u00e4tig und gebe Erfahrung und Fachwissen gerne an meine Kunden weiter.<br>In der Kosmetikbehandlung und f\u00fcr Sie zur Heimpflege verwende ich qualitativ hochwertige nat\u00fcrliche Pflegeprodukte der Firma Biodroga und von Dr. Baumann, in der keine chemischen Konservierungs-, Farb- und Duftstoffe verarbeitet sind. Die darin verarbeiteten Natur\u00f6le garantieren eine hervorragende Hautvertr\u00e4glichkeit, gerade bei empfindlicher Haut. Im dekorativen Bereich verwende ich dermatologisch getestete Produkte ohne chemische Konservierungsstoffe.<\/p>\n\n\n\n<p>Als staatlich gepr\u00fcfte anerkannte Kosmetikerin und Visagistin stehe ich Ihnen f\u00fcr ein Beratungsgespr\u00e4ch zur Verf\u00fcgung. Ebenso k\u00f6nnen Sie gerne detaillierte Produktinformationen und Preislisten bei mir anfordern.<\/p>\n\n\n\n<p>Rufen Sie mich an!<\/p>\n\n\n\n<p>Ihre Kosmetikerin<\/p>\n\n\n\n<p>Roswitha Schr\u00f6der<\/p>\n<\/div><\/div>\n","protected":false},"excerpt":{"rendered":"<p>Wissenswertes \u00fcber mich 1972 begann ich meine Ausbildung als Gro\u00df- und Au\u00dfenhandelskauffrau.Nach der Ausbildung arbeitete ich einige Jahre in diesem Beruf, bevor ich mich 1985 zu einer Ausbildung bei Rosemarie Bollenbeck in Bremen zur Kosmetikerin entschlo\u00df. Nach 4 Semestern beendete ich die Ausbildung mit staatlicher Anerkennung und staatlicher Pr\u00fcfung. Anschlie\u00dfend er\u00f6ffnete ich mein Kosmetikstudio &#8222;Pretty Face&#8220;.Neben der st\u00e4ndigen Fortbildung durch Fachseminare und Messebesuche habe ich eine Ausbildung zur Visagistin bei Malu Wilz absolviert.Seit mehr als drei\u00dfig Jahren bin ich als selbstst\u00e4ndige Kosmetikerin t\u00e4tig und gebe Erfahrung und Fachwissen gerne an meine Kunden weiter.In der Kosmetikbehandlung und f\u00fcr Sie zur Heimpflege verwende ich qualitativ hochwertige nat\u00fcrliche Pflegeprodukte der Firma Biodroga und von Dr. Baumann, in der keine chemischen Konservierungs-, Farb- und Duftstoffe verarbeitet sind. Die darin verarbeiteten Natur\u00f6le garantieren eine hervorragende Hautvertr\u00e4glichkeit, gerade bei empfindlicher Haut. Im dekorativen Bereich verwende ich dermatologisch getestete Produkte ohne chemische Konservierungsstoffe. Als staatlich gepr\u00fcfte anerkannte Kosmetikerin und Visagistin stehe ich Ihnen f\u00fcr ein Beratungsgespr\u00e4ch zur Verf\u00fcgung. Ebenso k\u00f6nnen Sie gerne detaillierte Produktinformationen und Preislisten bei mir anfordern. Rufen Sie mich an! Ihre Kosmetikerin Roswitha Schr\u00f6der<\/p>\n","protected":false},"author":1,"featured_media":22,"parent":0,"menu_order":0,"comment_status":"closed","ping_status":"closed","template":"","meta":{"footnotes":""},"class_list":["post-172","page","type-page","status-publish","has-post-thumbnail","hentry"],"_links":{"self":[{"href":"https:\/\/dur-schroeder.de\/fobyde\/wordpress\/prettyface\/wp-json\/wp\/v2\/pages\/172","targetHints":{"allow":["GET"]}}],"collection":[{"href":"https:\/\/dur-schroeder.de\/fobyde\/wordpress\/prettyface\/wp-json\/wp\/v2\/pages"}],"about":[{"href":"https:\/\/dur-schroeder.de\/fobyde\/wordpress\/prettyface\/wp-json\/wp\/v2\/types\/page"}],"author":[{"embeddable":true,"href":"https:\/\/dur-schroeder.de\/fobyde\/wordpress\/prettyface\/wp-json\/wp\/v2\/users\/1"}],"replies":[{"embeddable":true,"href":"https:\/\/dur-schroeder.de\/fobyde\/wordpress\/prettyface\/wp-json\/wp\/v2\/comments?post=172"}],"version-history":[{"count":8,"href":"https:\/\/dur-schroeder.de\/fobyde\/wordpress\/prettyface\/wp-json\/wp\/v2\/pages\/172\/revisions"}],"predecessor-version":[{"id":417,"href":"https:\/\/dur-schroeder.de\/fobyde\/wordpress\/prettyface\/wp-json\/wp\/v2\/pages\/172\/revisions\/417"}],"wp:featuredmedia":[{"embeddable":true,"href":"https:\/\/dur-schroeder.de\/fobyde\/wordpress\/prettyface\/wp-json\/wp\/v2\/media\/22"}],"wp:attachment":[{"href":"https:\/\/dur-schroeder.de\/fobyde\/wordpress\/prettyface\/wp-json\/wp\/v2\/media?parent=172"}],"curies":[{"name":"wp","href":"https:\/\/api.w.org\/{rel}","templated":true}]}}

<h2 class="wp-block-heading">Wissenswertes über mich</h2>



<div class="wp-block-media-text alignwide has-media-on-the-right is-stacked-on-mobile is-vertically-aligned-top" style="grid-template-columns:auto 30%"><figure class="wp-block-media-text__media"><img loading="lazy" decoding="async" width="825" height="825" src="https://dur-schroeder.de/fobyde/wordpress/prettyface/wp-content/uploads/sites/2/2022/09/Ita.jpg" alt="" class="wp-image-416 size-medium" srcset="https://dur-schroeder.de/fobyde/wordpress/prettyface/wp-content/uploads/sites/2/2022/09/Ita.jpg 825w, https://dur-schroeder.de/fobyde/wordpress/prettyface/wp-content/uploads/sites/2/2022/09/Ita-300x300.jpg 300w, https://dur-schroeder.de/fobyde/wordpress/prettyface/wp-content/uploads/sites/2/2022/09/Ita-150x150.jpg 150w, https://dur-schroeder.de/fobyde/wordpress/prettyface/wp-content/uploads/sites/2/2022/09/Ita-768x768.jpg 768w, https://dur-schroeder.de/fobyde/wordpress/prettyface/wp-content/uploads/sites/2/2022/09/Ita-75x75.jpg 75w" sizes="auto, (max-width: 825px) 100vw, 825px" /></figure><div class="wp-block-media-text__content">
<p>1972 begann ich meine Ausbildung als Groß- und Außenhandelskauffrau.<br>Nach der Ausbildung arbeitete ich einige Jahre in diesem Beruf, bevor ich mich 1985 zu einer Ausbildung bei Rosemarie Bollenbeck in Bremen zur Kosmetikerin entschloß. Nach 4 Semestern beendete ich die Ausbildung mit staatlicher Anerkennung und staatlicher Prüfung. Anschließend eröffnete ich mein Kosmetikstudio &#8222;Pretty Face&#8220;.<br>Neben der ständigen Fortbildung durch Fachseminare und Messebesuche habe ich eine Ausbildung zur Visagistin bei Malu Wilz absolviert.<br>Seit mehr als dreißig Jahren bin ich als selbstständige Kosmetikerin tätig und gebe Erfahrung und Fachwissen gerne an meine Kunden weiter.<br>In der Kosmetikbehandlung und für Sie zur Heimpflege verwende ich qualitativ hochwertige natürliche Pflegeprodukte der Firma Biodroga und von Dr. Baumann, in der keine chemischen Konservierungs-, Farb- und Duftstoffe verarbeitet sind. Die darin verarbeiteten Naturöle garantieren eine hervorragende Hautverträglichkeit, gerade bei empfindlicher Haut. Im dekorativen Bereich verwende ich dermatologisch getestete Produkte ohne chemische Konservierungsstoffe.</p>



<p>Als staatlich geprüfte anerkannte Kosmetikerin und Visagistin stehe ich Ihnen für ein Beratungsgespräch zur Verfügung. Ebenso können Sie gerne detaillierte Produktinformationen und Preislisten bei mir anfordern.</p>



<p>Rufen Sie mich an!</p>



<p>Ihre Kosmetikerin</p>



<p>Roswitha Schröder</p>
</div></div>

<p>Wissenswertes über mich 1972 begann ich meine Ausbildung als Groß- und Außenhandelskauffrau.Nach der Ausbildung arbeitete ich einige Jahre in diesem Beruf, bevor ich mich 1985 zu einer Ausbildung bei Rosemarie Bollenbeck in Bremen zur Kosmetikerin entschloß. Nach 4 Semestern beendete ich die Ausbildung mit staatlicher Anerkennung und staatlicher Prüfung. Anschließend eröffnete ich mein Kosmetikstudio &#8222;Pretty Face&#8220;.Neben der ständigen Fortbildung durch Fachseminare und Messebesuche habe ich eine Ausbildung zur Visagistin bei Malu Wilz absolviert.Seit mehr als dreißig Jahren bin ich als selbstständige Kosmetikerin tätig und gebe Erfahrung und Fachwissen gerne an meine Kunden weiter.In der Kosmetikbehandlung und für Sie zur Heimpflege verwende ich qualitativ hochwertige natürliche Pflegeprodukte der Firma Biodroga und von Dr. Baumann, in der keine chemischen Konservierungs-, Farb- und Duftstoffe verarbeitet sind. Die darin verarbeiteten Naturöle garantieren eine hervorragende Hautverträglichkeit, gerade bei empfindlicher Haut. Im dekorativen Bereich verwende ich dermatologisch getestete Produkte ohne chemische Konservierungsstoffe. Als staatlich geprüfte anerkannte Kosmetikerin und Visagistin stehe ich Ihnen für ein Beratungsgespräch zur Verfügung. Ebenso können Sie gerne detaillierte Produktinformationen und Preislisten bei mir anfordern. Rufen Sie mich an! Ihre Kosmetikerin Roswitha Schröder</p>
