{"id":107,"date":"2022-08-05T12:17:03","date_gmt":"2022-08-05T10:17:03","guid":{"rendered":"https:\/\/dur-schroeder.de\/fobyde\/wordpress\/prettyface\/?page_id=107"},"modified":"2024-04-28T14:34:19","modified_gmt":"2024-04-28T12:34:19","slug":"produkte","status":"publish","type":"page","link":"https:\/\/dur-schroeder.de\/fobyde\/wordpress\/prettyface\/produkte\/","title":{"rendered":"Produkte"},"content":{"rendered":"\n<div class=\"wp-block-media-text alignwide has-media-on-the-right is-stacked-on-mobile\" style=\"grid-template-columns:auto 30%\" id=\"Dr.Baumann\"><div class=\"wp-block-media-text__content\">\n<h2 class=\"wp-block-heading\">Dr. Baumann und Beau Caire Cosmetic<\/h2>\n\n\n\n<p>Produktlinien speziell f\u00fcr Kosmetikinstitute. Optimale Vert\u00e4glichkeit und optimale Antiaging-Wirkung durch mehrschalige Liposome.<br>100% frei von Konservierungsstoffen<br>100% frei von Mineral\u00f6l<br>100% frei von Parf\u00fcm<br>100% frei von tierischen Inhaltsstoffen<br>100% Verzicht auf Verpackungsm\u00fcll<br>Hautfreundlich, tierfreundlich und umweltfreundlich.<\/p>\n<\/div><figure class=\"wp-block-media-text__media\"><img loading=\"lazy\" decoding=\"async\" width=\"1024\" height=\"731\" src=\"https:\/\/dur-schroeder.de\/fobyde\/wordpress\/prettyface\/wp-content\/uploads\/sites\/2\/2022\/08\/baumann-1024x731.jpg\" alt=\"\" class=\"wp-image-350 size-full\" srcset=\"https:\/\/dur-schroeder.de\/fobyde\/wordpress\/prettyface\/wp-content\/uploads\/sites\/2\/2022\/08\/baumann-1024x731.jpg 1024w, https:\/\/dur-schroeder.de\/fobyde\/wordpress\/prettyface\/wp-content\/uploads\/sites\/2\/2022\/08\/baumann-300x214.jpg 300w, https:\/\/dur-schroeder.de\/fobyde\/wordpress\/prettyface\/wp-content\/uploads\/sites\/2\/2022\/08\/baumann-768x549.jpg 768w, https:\/\/dur-schroeder.de\/fobyde\/wordpress\/prettyface\/wp-content\/uploads\/sites\/2\/2022\/08\/baumann-1536x1097.jpg 1536w, https:\/\/dur-schroeder.de\/fobyde\/wordpress\/prettyface\/wp-content\/uploads\/sites\/2\/2022\/08\/baumann-2048x1463.jpg 2048w, https:\/\/dur-schroeder.de\/fobyde\/wordpress\/prettyface\/wp-content\/uploads\/sites\/2\/2022\/08\/baumann-1140x814.jpg 1140w\" sizes=\"auto, (max-width: 1024px) 100vw, 1024px\" \/><\/figure><\/div>\n\n\n\n<div class=\"wp-block-media-text alignwide is-stacked-on-mobile is-vertically-aligned-center\" style=\"grid-template-columns:30% auto\" id=\"Biodroga\"><figure class=\"wp-block-media-text__media\"><img loading=\"lazy\" decoding=\"async\" width=\"1024\" height=\"683\" src=\"https:\/\/dur-schroeder.de\/fobyde\/wordpress\/prettyface\/wp-content\/uploads\/sites\/2\/2022\/09\/biodroga-1285-1024x683.jpg\" alt=\"\" class=\"wp-image-410 size-full\" srcset=\"https:\/\/dur-schroeder.de\/fobyde\/wordpress\/prettyface\/wp-content\/uploads\/sites\/2\/2022\/09\/biodroga-1285-1024x683.jpg 1024w, https:\/\/dur-schroeder.de\/fobyde\/wordpress\/prettyface\/wp-content\/uploads\/sites\/2\/2022\/09\/biodroga-1285-300x200.jpg 300w, https:\/\/dur-schroeder.de\/fobyde\/wordpress\/prettyface\/wp-content\/uploads\/sites\/2\/2022\/09\/biodroga-1285-768x512.jpg 768w, https:\/\/dur-schroeder.de\/fobyde\/wordpress\/prettyface\/wp-content\/uploads\/sites\/2\/2022\/09\/biodroga-1285-1536x1025.jpg 1536w, https:\/\/dur-schroeder.de\/fobyde\/wordpress\/prettyface\/wp-content\/uploads\/sites\/2\/2022\/09\/biodroga-1285-2048x1366.jpg 2048w, https:\/\/dur-schroeder.de\/fobyde\/wordpress\/prettyface\/wp-content\/uploads\/sites\/2\/2022\/09\/biodroga-1285-1140x760.jpg 1140w\" sizes=\"auto, (max-width: 1024px) 100vw, 1024px\" \/><\/figure><div class=\"wp-block-media-text__content\">\n<h2 class=\"wp-block-heading\">Biodroga<\/h2>\n\n\n\n<p>True Beauty. Wahre Sch\u00f6nheit. <\/p>\n\n\n\n<p>Geboren in Baden-Baden, zuhause im Schwarzwald. Das Geheimnis der neuen Produkte der Firma BIODROGA ist unter anderem der Schwarzwald-Komplex aus Holunder, Farn und Moos. Die Hautvertr\u00e4gliche Kosmetik von BIODROGA ist frei von kontrovers diskutierten Inhaltsstoffen. Erleben Sie die Power-Produkte der neuen BIODROGA-Serien.<\/p>\n<\/div><\/div>\n\n\n\n<div class=\"wp-block-media-text alignfull has-media-on-the-right is-stacked-on-mobile is-vertically-aligned-center is-style-default\" style=\"grid-template-columns:auto 30%\" id=\"MKL\"><div class=\"wp-block-media-text__content\">\n<h2 class=\"wp-block-heading\">MKL Make up<\/h2>\n\n\n\n<p>Eine kosmetische Innovation&#8230;und leicht wie eine Feder<\/p>\n\n\n\n<p>Was vor \u00fcber 40 Jahren mit der Firma Pascal Firenze in Italien begann wird nach dem Tod des Firmenchefs von drei Frauen aus dem Unternehmen mit neuer Philosophie und Rezeptur weiter gef\u00fchrt. Die Firma MKL produziert das Make-up im eigenen Labor nach Vorgaben der Kosmetikverordnung mit pflanzlichen Inhaltsstoffen, Verzicht auf Tierversuche und nachhaltiger Verpackung. Es hat antiseptische, antibakterielle und hautberuhigende Inhaltsstoffe. Das Make-up ist wasserfest und hat einen Lichtschutzfaktor von 6-8.<\/p>\n<\/div><figure class=\"wp-block-media-text__media\"><img loading=\"lazy\" decoding=\"async\" width=\"1024\" height=\"683\" src=\"https:\/\/dur-schroeder.de\/fobyde\/wordpress\/prettyface\/wp-content\/uploads\/sites\/2\/2024\/04\/MKL-01-1024x683.jpg\" alt=\"\" class=\"wp-image-701 size-full\" srcset=\"https:\/\/dur-schroeder.de\/fobyde\/wordpress\/prettyface\/wp-content\/uploads\/sites\/2\/2024\/04\/MKL-01-1024x683.jpg 1024w, https:\/\/dur-schroeder.de\/fobyde\/wordpress\/prettyface\/wp-content\/uploads\/sites\/2\/2024\/04\/MKL-01-300x200.jpg 300w, https:\/\/dur-schroeder.de\/fobyde\/wordpress\/prettyface\/wp-content\/uploads\/sites\/2\/2024\/04\/MKL-01-768x512.jpg 768w, https:\/\/dur-schroeder.de\/fobyde\/wordpress\/prettyface\/wp-content\/uploads\/sites\/2\/2024\/04\/MKL-01-1536x1024.jpg 1536w, https:\/\/dur-schroeder.de\/fobyde\/wordpress\/prettyface\/wp-content\/uploads\/sites\/2\/2024\/04\/MKL-01-2048x1365.jpg 2048w, https:\/\/dur-schroeder.de\/fobyde\/wordpress\/prettyface\/wp-content\/uploads\/sites\/2\/2024\/04\/MKL-01-1140x760.jpg 1140w\" sizes=\"auto, (max-width: 1024px) 100vw, 1024px\" \/><\/figure><\/div>\n\n\n\n<div class=\"wp-block-media-text alignwide is-stacked-on-mobile is-vertically-aligned-center\" style=\"grid-template-columns:30% auto\" id=\"Cosart\"><figure class=\"wp-block-media-text__media\"><img loading=\"lazy\" decoding=\"async\" width=\"1024\" height=\"768\" src=\"https:\/\/dur-schroeder.de\/fobyde\/wordpress\/prettyface\/wp-content\/uploads\/sites\/2\/2023\/03\/cosart2023-1024x768.jpg\" alt=\"Cosart Modefarben Fr\u00fchjahr\/Sommer 2023\" class=\"wp-image-588 size-full\" srcset=\"https:\/\/dur-schroeder.de\/fobyde\/wordpress\/prettyface\/wp-content\/uploads\/sites\/2\/2023\/03\/cosart2023-1024x768.jpg 1024w, https:\/\/dur-schroeder.de\/fobyde\/wordpress\/prettyface\/wp-content\/uploads\/sites\/2\/2023\/03\/cosart2023-300x225.jpg 300w, https:\/\/dur-schroeder.de\/fobyde\/wordpress\/prettyface\/wp-content\/uploads\/sites\/2\/2023\/03\/cosart2023-768x576.jpg 768w, https:\/\/dur-schroeder.de\/fobyde\/wordpress\/prettyface\/wp-content\/uploads\/sites\/2\/2023\/03\/cosart2023-1536x1152.jpg 1536w, https:\/\/dur-schroeder.de\/fobyde\/wordpress\/prettyface\/wp-content\/uploads\/sites\/2\/2023\/03\/cosart2023-2048x1536.jpg 2048w, https:\/\/dur-schroeder.de\/fobyde\/wordpress\/prettyface\/wp-content\/uploads\/sites\/2\/2023\/03\/cosart2023-1140x855.jpg 1140w\" sizes=\"auto, (max-width: 1024px) 100vw, 1024px\" \/><\/figure><div class=\"wp-block-media-text__content\">\n<h2 class=\"wp-block-heading\">COSART Modefarben<\/h2>\n\n\n\n<p>Die Make-up-Produkte der Firma COSART bestechen durch h\u00f6chste Qualit\u00e4t zum g\u00fcnstigen Preis. Die Produkte sind f\u00fcr Kontaktlinsentr\u00e4ger und Allergiker geeignet. 90% Made in Germany, 100% Made in Europa. Die Firma verzichtet auf unn\u00f6tige Umverpackung zum Schutz der Umwelt. Alle Produkte sind parabenfrei, vegan und recyclebar.<\/p>\n<\/div><\/div>\n\n\n\n<p><br><\/p>\n\n\n\n<p>F\u00fcr weitere Fragen zu den Produkten stehe ich Ihnen gerne zur Verf\u00fcgung.<\/p>\n\n\n\n<p><em>Man vergi\u00dft leicht, worum es sich gehandelt hat, aber nie wie man behandelt wurde.<\/em><br><br>Einen sch\u00f6nen Tag w\u00fcnscht Ihnen<br>Ihre Kosmetikerin<br>Roswitha Schr\u00f6der<\/p>\n","protected":false},"excerpt":{"rendered":"<p>Dr. Baumann und Beau Caire Cosmetic Produktlinien speziell f\u00fcr Kosmetikinstitute. Optimale Vert\u00e4glichkeit und optimale Antiaging-Wirkung durch mehrschalige Liposome.100% frei von Konservierungsstoffen100% frei von Mineral\u00f6l100% frei von Parf\u00fcm100% frei von tierischen Inhaltsstoffen100% Verzicht auf Verpackungsm\u00fcllHautfreundlich, tierfreundlich und umweltfreundlich. Biodroga True Beauty. Wahre Sch\u00f6nheit. Geboren in Baden-Baden, zuhause im Schwarzwald. Das Geheimnis der neuen Produkte der Firma BIODROGA ist unter anderem der Schwarzwald-Komplex aus Holunder, Farn und Moos. Die Hautvertr\u00e4gliche Kosmetik von BIODROGA ist frei von kontrovers diskutierten Inhaltsstoffen. Erleben Sie die Power-Produkte der neuen BIODROGA-Serien. MKL Make up Eine kosmetische Innovation&#8230;und leicht wie eine Feder Was vor \u00fcber 40 Jahren mit der Firma Pascal Firenze in Italien begann wird nach dem Tod des Firmenchefs von drei Frauen aus dem Unternehmen mit neuer Philosophie und Rezeptur weiter gef\u00fchrt. Die Firma MKL produziert das Make-up im eigenen Labor nach Vorgaben der Kosmetikverordnung mit pflanzlichen Inhaltsstoffen, Verzicht auf Tierversuche und nachhaltiger Verpackung. Es hat antiseptische, antibakterielle und hautberuhigende Inhaltsstoffe. Das Make-up ist wasserfest und hat einen Lichtschutzfaktor von 6-8. COSART Modefarben Die Make-up-Produkte der Firma COSART bestechen durch h\u00f6chste Qualit\u00e4t zum g\u00fcnstigen Preis. Die Produkte sind f\u00fcr Kontaktlinsentr\u00e4ger und Allergiker geeignet. 90% Made in Germany, 100% Made in Europa. Die Firma verzichtet auf unn\u00f6tige Umverpackung zum Schutz der Umwelt. Alle Produkte sind parabenfrei, vegan und recyclebar. F\u00fcr weitere Fragen zu den Produkten stehe ich Ihnen gerne zur Verf\u00fcgung. Man vergi\u00dft leicht, worum es sich gehandelt hat, aber nie wie man behandelt wurde. Einen sch\u00f6nen Tag w\u00fcnscht IhnenIhre KosmetikerinRoswitha Schr\u00f6der<\/p>\n","protected":false},"author":1,"featured_media":22,"parent":0,"menu_order":0,"comment_status":"closed","ping_status":"closed","template":"","meta":{"footnotes":""},"class_list":["post-107","page","type-page","status-publish","has-post-thumbnail","hentry"],"_links":{"self":[{"href":"https:\/\/dur-schroeder.de\/fobyde\/wordpress\/prettyface\/wp-json\/wp\/v2\/pages\/107","targetHints":{"allow":["GET"]}}],"collection":[{"href":"https:\/\/dur-schroeder.de\/fobyde\/wordpress\/prettyface\/wp-json\/wp\/v2\/pages"}],"about":[{"href":"https:\/\/dur-schroeder.de\/fobyde\/wordpress\/prettyface\/wp-json\/wp\/v2\/types\/page"}],"author":[{"embeddable":true,"href":"https:\/\/dur-schroeder.de\/fobyde\/wordpress\/prettyface\/wp-json\/wp\/v2\/users\/1"}],"replies":[{"embeddable":true,"href":"https:\/\/dur-schroeder.de\/fobyde\/wordpress\/prettyface\/wp-json\/wp\/v2\/comments?post=107"}],"version-history":[{"count":25,"href":"https:\/\/dur-schroeder.de\/fobyde\/wordpress\/prettyface\/wp-json\/wp\/v2\/pages\/107\/revisions"}],"predecessor-version":[{"id":704,"href":"https:\/\/dur-schroeder.de\/fobyde\/wordpress\/prettyface\/wp-json\/wp\/v2\/pages\/107\/revisions\/704"}],"wp:featuredmedia":[{"embeddable":true,"href":"https:\/\/dur-schroeder.de\/fobyde\/wordpress\/prettyface\/wp-json\/wp\/v2\/media\/22"}],"wp:attachment":[{"href":"https:\/\/dur-schroeder.de\/fobyde\/wordpress\/prettyface\/wp-json\/wp\/v2\/media?parent=107"}],"curies":[{"name":"wp","href":"https:\/\/api.w.org\/{rel}","templated":true}]}}